0 = -2*a - 4*y + 3*y + 57, a + 2*y - 33 = 0. What is the units digit of ((-36)/a)/(2/(-6))?
4
Suppose 4 = 2*z - 8. Let a be z/(-4) + (-9)/(-6). Suppose a*h = -2*h + 14. What is the units digit of h?
7
Let c be (-3)/(-9) + (-20)/(-12). Let a(g) = g**2 - 2*g + 1. Let i be a(3). Suppose c*u + 2 = 0, i*m - 4 = 3*u + 3. What is the units digit of m?
1
Suppose 3*o + 2 = -4*a, 0 = 2*o - 7*o - 5*a - 10. Let t be ((-3)/1)/(o/4). Suppose t*w - 34 = -0*w. What is the units digit of w?
7
Let h be 0 - (3 + -6 + 0). Suppose -h*d + 57 + 3 = 0. Suppose 0*b + d = 5*b. What is the units digit of b?
4
Let a(l) = -2*l**3 - 5*l**2 + 6*l - 1. What is the units digit of a(-5)?
4
Suppose 3*u = z + 236, -3*u = 5*z - 191 - 33. What is the units digit of u?
8
Suppose 3*f - 3 - 39 = -3*o, 0 = -4*o + 4*f + 16. What is the units digit of o?
9
Let f = -8 - -44. What is the tens digit of f?
3
Suppose -3*j + 249 = -2*s - s, 5*j + 2*s - 443 = 0. What is the tens digit of j?
8
Let x(o) = 2*o - 2. Let y be x(5). Suppose d - 14 = y. What is the tens digit of d?
2
Let f(i) = 4*i - 6. Let m(z) = z**3 + 8*z**2 + 5*z - 10. Let x be m(-7). What is the tens digit of f(x)?
1
Let s(u) = -u**3 - 8*u**2 + u + 9. Let z be s(-8). Let x(q) = 13*q**2 - q + 1. What is the tens digit of x(z)?
1
Let h(a) = a**3 - 3*a**2 - 3*a - 1. Let n be h(4). Let j be ((-16)/6)/(1/3). Let v = n - j. What is the tens digit of v?
1
Let n(q) = q**2 - q + 75. Let g be n(0). Let y = 15 - 9. Suppose -m = -y*m + g. What is the units digit of m?
5
Let r = -4 - -2. Let p = r + 1. What is the units digit of 0 - (0 + p) - 0?
1
Let r = -33 - -55. What is the tens digit of r?
2
Suppose -6*i = -9*i + 21. Suppose i*q - 51 = 4*q. What is the tens digit of q?
1
Let r(u) = -36*u - 91. What is the units digit of r(-14)?
3
Let m be (-7 + 7)/(0 - -2). Suppose -17 = 4*l + 5*b, 4*l = 5*b - m*b - 7. What is the units digit of (-45)/12*8/l?
0
Suppose -3*a = -4*c + 105, 2*c + 0*a + a - 65 = 0. What is the tens digit of c?
3
Let g(i) = -47*i - 16. What is the tens digit of g(-3)?
2
Suppose f = -w - 2*w + 244, w - 5*f - 76 = 0. What is the tens digit of w?
8
Suppose 0 = 2*v + 2*v - 84. Let s = v - 4. What is the tens digit of s?
1
Let b(l) = l + 2. Let v be b(-2). Suppose 12 = c - v. What is the units digit of c?
2
Let s(d) = -4*d - 4. What is the units digit of s(-7)?
4
Let r(a) = a**3 - 7*a**2 - 7*a - 8. Let u be r(8). Suppose -n + 30 = 4*n. Let c = n - u. What is the units digit of c?
6
What is the hundreds digit of (-8)/(-20) + (-883)/(-5)?
1
Let g be (-6)/14 - 4921/(-49). Suppose -y + g = y. What is the tens digit of y?
5
Let i(f) = f**2 - f - 1. Let s be i(1). Let u = 1 + -4. What is the units digit of u/s + (-2 - 0)?
1
Let i be (2 + 1)/(-6)*-6. Suppose i*a = 11 + 1. Suppose 3*x - a + 1 = 0. What is the units digit of x?
1
Let w = -26 - -5. Let k = 1 + -15. Let j = k - w. What is the units digit of j?
7
Suppose 5*z = 12 - 2. Suppose -z*w + 11 = -w. What is the tens digit of w?
1
Let z(b) = -b**3 + b**2. Let o be z(2). Let t = o + 8. What is the units digit of t?
4
Suppose 2*u = -5*b - 1, -b - 38 = -4*u - 3*b. Let w = u - 4. What is the units digit of w?
8
Let q(i) = i + 3. Let u be q(0). Suppose -y - 4*n + 1 = 2*y, 5*y - u*n = 50. What is the units digit of y?
7
Suppose -5*n + 1365 = -115. What is the units digit of n?
6
Suppose -5*p + 0*u = 5*u - 20, -21 = -4*p - 5*u. What is the units digit of (p + -2)*(-4)/12?
1
Suppose 4*u = 9 + 3. Let z be u/5 - 185/(-25). Suppose m - z + 0 = 0. What is the units digit of m?
8
Suppose 0*s = 6*s - 210. What is the units digit of s?
5
Let u be 1/((0 + -2)/(-8)). Suppose 5*f - 5*x + 5 = 0, 4*f - u*x = -f - 2. What is the units digit of f?
2
What is the tens digit of (114/10)/(5/25)?
5
Let g(r) = -r**3 + 8*r**2 - 10*r - 1. What is the tens digit of g(6)?
1
Let s = 14 - -17. What is the units digit of s?
1
Let g(a) = a**3 + 10*a**2 - 14*a + 2. Let j be g(-11). Let n = -21 + j. What is the units digit of n?
4
Suppose v = -v + 10. Suppose 25 = 5*h + 3*m, 0 = -6*h + h - v*m + 25. Let k = h - -4. What is the units digit of k?
9
Suppose 5*x = 115 + 5. Let t = 50 - x. What is the units digit of t?
6
Suppose 31 = -3*w - 20. Let j = w - -26. What is the units digit of j?
9
Let d = -50 + 6. Let j = -29 - d. What is the units digit of j?
5
Suppose -f + 35 = -0*f + w, 3*f + w - 99 = 0. What is the units digit of (-1 - (0 - 1)) + f?
2
Suppose w = -0*w - 2*c - 12, 5*w - 5 = 3*c. Let y = -1 + -6. What is the units digit of 248/14 + w/y?
8
Suppose 4 = 4*p - 0. What is the tens digit of (p/(-2))/((-3)/66)?
1
Suppose 2*u = 45 + 5. What is the tens digit of u?
2
Suppose 5*a + 2*q = 240, 2*a - 129 + 33 = 3*q. Suppose -n = -5*n + a. Suppose 5*w + n = 3*i, 0 = i - 4*i - 4*w + 39. What is the units digit of i?
9
Suppose -18 = -5*g + 2. Suppose 0 = -g*v - v + 55. What is the units digit of v?
1
Let d(j) = -j**3 + 12*j**2 + 11*j + 13. What is the hundreds digit of d(10)?
3
Let w(i) = -1 - 2*i**3 - 2*i + i + 0. Let z be w(-1). Suppose -8 = z*n, 5*t + 2*n - 15 + 3 = 0. What is the units digit of t?
4
Suppose -4*f + 21 - 9 = 0. Suppose 3*g - 1 = y, 4*g - 2*y + 1 = f. Suppose -2*k + 2*z + 8 = g, -2*k - 3*k + 17 = -4*z. What is the units digit of k?
1
Let s(r) = 2*r + 1. What is the units digit of s(3)?
7
Let x(z) be the third derivative of z**4/24 + 3*z**3/2 + 5*z**2. Let p be 1/(-1 + (-14)/(-16)). What is the units digit of x(p)?
1
Let d = 5 + -3. Suppose 2*j - 206 = -3*j - p, 0 = d*j - 4*p - 100. What is the units digit of j?
2
What is the tens digit of 18*1*12/9?
2
Let o(q) = -5*q + 3*q - q. Let c be o(3). Let i = c - -13. What is the units digit of i?
4
Let i(v) = -4*v**2 - v - 1. Let o(l) = 4*l**2 + l + 1. Let f(s) = 5*i(s) + 6*o(s). What is the units digit of f(2)?
9
Let l = 466 + -294. Suppose 5*k - l = -f, 2*k - 90 = -k - 5*f. What is the tens digit of k?
3
Let g be ((-35)/(-2))/(7/(-14)). Let u be (-130)/g - 4/(-14). Suppose -4*z - 5*f + 41 = 0, 5*f = u*z + f - 68. What is the tens digit of z?
1
Let d(m) = 15*m - 2. Let f be d(4). Let z = -23 + f. What is the tens digit of z?
3
Let h be -5 + 5 - (-1 + 0). Suppose -1 - h = 2*m. Let z = m - -3. What is the units digit of z?
2
Let q(f) = 46*f**2 + 3*f + 6. What is the hundreds digit of q(-2)?
1
Suppose -125 = -3*t + 28. What is the units digit of t?
1
Suppose -154 = 3*i - 4*i. What is the hundreds digit of i?
1
Suppose -1176 = -4*z + 4*u, u + 1 = -0*u. What is the units digit of z?
3
What is the tens digit of 1 - 20/(-8)*4?
1
Suppose -i - 3*i + 2*l + 300 = 0, -i + 77 = -l. What is the units digit of i?
3
Let n(b) = b - 6. Let d be n(10). Suppose -t + 5*t = -2*l + 24, 8 = -2*l + d*t. What is the units digit of l?
4
Let m be 1/((-30)/(-16) - 2). Let b be (0 + 2)*28/m. What is the units digit of (3 + b)*(-3)/4?
3
Let x(c) = -c - 4. Let n be x(-5). Suppose -13 - 15 = -4*j. Suppose n = -w + j. What is the units digit of w?
6
Let l = 2 - 0. Suppose k - 9 = -l*k. What is the units digit of k?
3
What is the tens digit of ((-4)/8)/((-499)/(-250) - 2)?
2
Suppose 0 = 5*r + 21 - 6. Let j = 5 + r. Suppose -5*x + 48 = -j*m, -m + 2 = m. What is the units digit of x?
0
Let l(o) = 38*o - 2. Let g be l(1). Suppose 0 = 3*d - 7*d + g. What is the units digit of d?
9
Let w = 10 + -17. Let a = w - -16. What is the units digit of a?
9
Let f(y) = 2*y**3 + y - 4. What is the tens digit of f(3)?
5
Let j(w) = 5*w**3 - 2*w**2 - 3*w + 2. Let p be j(2). Let v = -9 + p. What is the tens digit of v?
1
Suppose -2*k = -3*k - 3. What is the units digit of (-50)/k - 4/6?
6
What is the tens digit of -32*18/16*(-2)/3?
2
Suppose -4*i + 10 = -5*i. What is the tens digit of 2/i + 605/25?
2
Let m(y) be the second derivative of y**4/12 + y**3/2 - 2*y**2 - 2*y. Let q be m(-5). Let s = -2 + q. What is the units digit of s?
4
Let i(c) = 3*c**2 - 5*c + 2. Let n be i(3). What is the units digit of (-1 + -1)*n/(-4)?
7
Let u be (-29)/(-5) + 1/5. Let m = -8 + 26. What is the tens digit of 237/m + (-1)/u?
1
What is the hundreds digit of (2/11 - (-969)/(-66))*-10?
1
Suppose -3*z + 20 = v, z + 2*v = -2*z + 25. Suppose -k - 4 = -5*k. Let a = z - k. What is the units digit of a?
4
Suppose z - 126 = t, 4*t - 5 + 13 = 0. What is the hundreds digit of z?
1
Suppose 4*x + 4*y = 300, -2*x + 126 = -0*x - 4*y. Suppose 5*k - 201